 -16 - (12 - (-9 + 15))?
-5
What is the value of 27 - 9 - -30 - (29 + -13)?
32
Evaluate -14 + -23 + 77 - 31.
9
What is the value of 30 + -1 - (1229 + -1228)?
28
Evaluate -2 + -4 + 2 - (-2 + -8 + 7).
-1
-22 - (-2 + 2) - (-102 + (38 - -59))
-17
What is the value of (-22 - -25) + 21 - 13?
11
Calculate -2 - (5 + -4 + (-6 + 8 - 12)).
7
What is the value of -22 + (2 - 6) + (-1 - -6)?
-21
Evaluate 16 + -20 + 15 - 12.
-1
Evaluate 57 + -23 - (12 + 2 - 1).
21
(-16 - (23 + -12 + (-6 - 11))) + 8
-2
-1 + -15 + 0 + (-33 - -66 - 27)
-10
(-9 - -6) + -1 + 5
1
Calculate 8 + (6 - 12) + (6 - 8) + 9.
9
What is the value of (5 + 2 - -1) + (29 - (45 + -35))?
27
What is 29 - ((9 - 19) + 42)?
-3
What is 30 - (10 - -37) - (-10 + -1)?
-6
-6 - (7 - (-2 - -9))
-6
What is 10 - (3 - (-10 + 12))?
9
What is 28 + -20 - (3 - 4 - 4)?
13
What is -3 + (-4 + 10 - 4 - 0)?
-1
What is the value of (-5 - -13) + (16 - 26) + -20?
-22
What is the value of -9 + (3 + 21 - 13)?
2
What is the value of 7 - (-9 + 6 + -8)?
18
-6 + 8 - (3 + 0)
-1
What is -10 + (42 - 26 - 6)?
0
What is the value of (-19 - -20 - -5) + 4?
10
16 - (-2 - -1) - 16 - (-3 - -1)
3
Evaluate -27 + 34 + (-1 - 19) + (15 - 23).
-21
-6 - (-10 - (-10 - -4 - 8))
-10
Evaluate (1 - (-1 + 0)) + (-16 - (-21 + 3)).
4
Evaluate (-2 - (28 - 12)) + 10.
-8
What is the value of -20 - ((-19 - -7) + -18)?
10
Evaluate 7 - (4 + (-22 - -12)).
13
What is the value of (-2 - -4) + -1 + (-5 - 5 - -20)?
11
Evaluate (14 - 31) + 0 - (-6 - 39).
28
Evaluate 20 + 6 + (7 - 17) - 16.
0
What is the value of 7 + (2 - -6) + -12 + -6 + 2?
-1
Calculate 39 + (12 - (13 - -13)) - 9.
16
-8 + 14 - 0 - (-11 - -11)
6
What is -13 + 19 - 14 - (-5 + -5)?
2
What is (-2 - -13) + (-32 + 9 - -21)?
9
Calculate 7 + -3 + -2 + 5 - (-12 + 5).
14
68 + -88 - (-15 - 0)
-5
What is (-21 - -44) + -7 - (-6 + 33)?
-11
What is -5 + (6 + -11 - (0 - 1)) - -3?
-6
Evaluate 8 + 2 - (-24 + 54).
-20
What is the value of 2 - 83 - -54 - (1 - (8 - 1))?
-21
What is 9 + (-4 + 1 + 0 - 2)?
4
Calculate 7 - (10 + (0 - 0)).
-3
Calculate -38 + 37 + (3 + -2 - 8) - 0.
-8
Calculate -10 + (12 - (4 + -7 + 14)).
-9
Evaluate 1 - ((-5 + 2 - -2) + 13).
-11
Evaluate (8 + 0 - 3 - 7) + (4 - 0).
2
Calculate (-6 - -10) + -4 + 32 + -34.
-2
24 - -13 - (84 + -33)
-14
What is -18 + -27 + (54 - 27)?
-18
-14 - (-11 + -17 + 19)
-5
What is the value of 6 - -1 - (8 + -8)?
7
Evaluate (12 - 7) + -19 + 18.
4
Calculate 12 - (7 + 0) - 12.
-7
What is -16 - (9 + -19 - -17)?
-23
What is the value of 18 - (0 + (59 + -53 - (1 + 1)))?
14
Evaluate -7 + (1 - 10 - (95 + -102)).
-9
Calculate 20 + (9 + -3 - 37).
-11
What is the value of (-5 - 3) + 2 + 5 + (-5 - -5)?
-1
Calculate -19 - 11 - -20 - 10.
-20
What is 3 + (-23 - (12 - 11 - 11))?
-10
12 - (-14 + 7 - -30)
-11
Evaluate 22 + (-15 - (34 + -28)).
1
What is 19 - 3 - (16 + 15)?
-15
What is the value of 47 + 13 + -18 - 24?
18
36 + 0 + (1433 - 1455)
14
What is 50 - -10 - 71 - (0 + -11)?
0
Evaluate -20 + 13 + 2 + (-3 - 9).
-17
What is the value of -2 + (-10 - (-47 - -1) - (0 - -6))?
28
(-10 - 7) + -6 + 14
-9
What is the value of -1 - 5 - -1 - ((3 - -53) + -63)?
2
18 - 23 - (2 + -2 - 4 - 2)
1
(3 + (-3 - 5) - 7) + -1 + 3
-10
Evaluate 0 + -2 - (-6 + 12).
-8
What is the value of -12 + (14 + -10 - -1)?
-7
Calculate 8 + (6 - -4) + -9.
9
-8 - ((14 - -3 - 12) + -12)
-1
Evaluate (31 - 54) + -3 + 19.
-7
What is the value of (6 - -2 - -1) + 4?
13
13 + (-26 - -18) + -7 + 0 + 0
-2
What is the value of 2 - -2 - (81 + -89)?
12
Calculate (0 - 10) + 12 + -14 + 7.
-5
-4 - (2 - 5 - -7 - 22)
14
What is (-8 - -36) + -27 - (-1 - -1 - -17)?
-16
Evaluate 5 - (1 - -17) - (2 - -1).
-16
-77 + 78 + 0 + -10
-9
Calculate -22 - ((1 - 14) + -14).
5
Calculate -60 - (-45 + -12 + 23).
-26
Calculate (-6 - 1) + 1 + 3 + (-4 - -6).
-1
Calculate 12 + -11 - (-2 + 13).
-10
-7 + 17 + -30 - -2 - -40
22
What is 12 + (-44 - -17) + 13?
-2
What is the value of -4 + -5 + (-5 - -16) + -2 + 16?
16
Calculate (29 - 21) + 32 + -15.
25
What is the value of (11 + -31 - (-6 - 39)) + (-4 - -1)?
22
Calculate (2 - 0) + -7 + (-5 - (-2 + -8)).
0
What is the value of (-13 - -11) + -14 - -17?
1
(-6 + 9 - (1 + -6)) + -16 + -5
-13
What is the value of -9 - (0 - (-3 - (-4 + -5)) - -7)?
-10
Calculate 5 + -2 - 12 - 2 - (1251 - 1237).
-25
Evaluate (10 + -24 - -28) + 0 + -2 - 0.
12
Evaluate (5 - ((1 - -2) + -12)) + 2.
16
Evaluate 1207 + -1229 - (-13 - 1).
-8
2 + -19 + 1 + 273 + -266
-9
Calculate -6 - 2 - (-3 - 14 - -6).
3
What is the value of 0 - 1 - (2 + -12 + -36 + 21)?
24
What is (1 - (17 - 4)) + (0 - 0) + 3?
-9
8 - (22 - 36) - 34
-12
-4 + (4 + (1 - 4) - (122 - 118))
-7
What is the value of 973 + -979 + -2 + (28 - -1)?
21
-1 + -1 + (76 + -35 - 22)
17
Evaluate -23 + 5 + 4 - (-5 - -1).
-10
Calculate 45 - (20 + 30) - (0 - -11).
-16
Calculate (20 - -19 - 43) + 29.
25
-6 - (1 - 9 - (-2 + -5 + 5))
0
What is 0 - (-22 + 4 + (-19 - -18))?
19
-21 + 53 + 24 + -33
23
-5 + 8 + -3 + (-3 - 0) + 3
0
Calculate 10 + 9 + (10 - 30) + 10 + -10.
-1
What is 7 - (-7 + 11) - 10?
-7
Evaluate 7 + 5 + (-2 - (-3 - -4) - -5).
14
Evaluate -9 + 18 + (23 + 1 - (34 + -28)).
27
What is 11 + -10 - 0 - 1?
0
Calculate -17 + 5 - -30 - 28.
-10
-9 - (12 + -1 + -11 - 0)
-9
Calculate -14 + 13 - (2 - 7) - (-1 - -5).
0
What is the value of 36 + -17 + 5 - 0?
24
What is the value of (7 - 21) + -28 + 55?
13
Calculate 38 + (20 + 8 - 37).
29
What is -14 - ((1 - -2 - (-13 - -9)) + -7)?
-14
Evaluate -8 + 11 + -17 + 31 + 14.
31
Evaluate 0 + 4 + 13 + (2 - -1) + -10.
10
Evaluate -18 + (33 - (20 + -7)).
2
3 + (-14 - (6 + -15))
-2
What is the value of (7 - (31 + 9 - 15)) + 8?
-10
What is 1 + 17 + 1 - (1399 + -1362)?
-18
-7 + 5 - (8 + 19) - 0
-29
(17 - (-1 - -3)) + (17 - 0) + -23
9
16 - 54 - -36 - (23 + 3)
-28
-12 + (-9 + 8 - (4 + -3)) + 9
-5
What is 65 + -61 + 16 + 6?
26
Calculate (143 - 136) + (-4 + 11 - (0 + -1)).
15
What is (-2 - -12) + (-8 + -20 - -19) - 26?
-25
Evaluate -6 - (1 + -1 - (100 - 91)).
3
Calculate 10 - (3 + 2 - (-2 + -2 + 7)).
8
Evaluate 1 - (24 + (10 - 19) + -12).
-2
-21 - 20 - 8 - -25
-24
Evaluate 0 + 13 + 1 + -4 - -1.
11
What is the value of 55 - (27 + -20 + 28)?
20
Evaluate -9 - (12 + -2 - 21).
2
What is 42 - ((-20 - -17 - (9 + -1)) + 20)?
33
What is -1 - (11 + -6) - -6?
0
Calculate -2 + 8 + (-15 - -37 - 16).
12
What is the value of -11 + -2 + 0 + -3 + (14 - 4)?
-6
Evaluate -24 + 3 + -13 + (-4 - (-7 - 10)).
-21
-3 + 2 - (7 + -2 + -5)
-1
(-178 - -187) + (2 + 0 - 0 - 3)
8
What is the value of (-4 - (-2 + 0)) + (-52 - -43)?
-11
What is the value of (49 - 60) + 2 + 5?
-4
What is 7 - (-52 + 53 + (-1 - -2)) - 15?
-10
What is 0 + 3 + 6 + (3 - 5)?
7
-7 + 8 - -7 - (-1 + (-4 - -4))
9
Calculate -353 + 340 - (-12 - 1).
0
What is (-15 + -9 + 20 - (0 - -3)) + 23?
16
Evaluate 18 - (-11 + (-5 - -15) + 7).
12
Calculate 1 - (28 + -22 + 10).
-15
Calculate 14 + 3 - -2 - 8.
11
Evaluate 9 - (14 - -20) - -4.
-21
Evaluate -60 + (24 - -9) + 31.
4
What is the value of (6 - 0) + (12 - -4 - 35)?
-13
What is (-24 - (-2 + 1)) + 10?
-13
Evaluate (-1 - (-3 + (0 - 4))) + 0.
6
30 + -3 + 7 + -26
8
Evaluate 11 - (-7 + 20 + -1).
-1
-3 + 19 + -15 - (5 - -3)
-7
-4 + -4 - (-1 - -1) - -3
-5
What is the value of 93 + -4 + -37 + -34?
18
9 + (-8 - -5) + 0 - (9 + -22)
19
Evaluate 12 + (10 - 0) - (-1 + -3 + 4).
22
What is -6 + (3 - 8) + -2?
-13
What is the value of 30 + 2 - (15 + -1)?
18
8 + 3 + 9 + -17 - -9
12
What is the value of -6 + (-4 - -6) - (7 + 0 + 1)?
-12
Calculate -14 - (2 + -10 - -1) - (0 + -1).
-6
Calculate 4 + -2 + (48 - 40) - 10.
0
What is 14 - (-1 - (8 + -11 + 8) - -6)?
14
(-5 - (3 + -2 + -8 - -1)) + -21
-20
What is the value of (22 - (-11 + 28)) + (1 - -4)?
10
What is -1 + 1 + (-4 - (2 - 24) - 6)?
12
What is the value of (-26 - -26 - (-7 - 0)) + 2?
9
Calculate 1 - -9 - (85 + -38 - 41).
4
What is the value of (0 - -6) + -230 + 224?
0
What is the value of (-180 - -178) + -36 + 1 + 12?
-25
Calculate 9 + (16 - (8 - -9)) + (0 - -2).
10
What is 0 + 4 - (-3 + 0 - -11)?
-4
What is -5 + -10 + 17 - (-1 + -8)?
11
Calculate 11 + (-6 - 25) + 13 + -4.
-11
Evaluate -1 - 0 - (2 + -4) - (2117 + -2112).
-4
What is (2 + 7 - (6 - 4)) + (-19 - -3)?
-9
Evaluate (64 - (33 + 18)) + (6 - (0 + 0)).
19
Evaluate -4 + 5 + ((4 - 13) + 7 - -4).
3
(-1 - -6) + 5 + 12 + -4 + -1
17
Evaluate 0 + (6 - 0) - (45 + -34).
-5
Evaluate 6 + 10 - (86 + -59).
-11
Cal